 40. Let y(k) = -k**2 - 16*k - 3. List the prime factors of y(r).
61
Let b = -16 - -52. Suppose -2*m = -140 - b. What are the prime factors of m?
2, 11
Let p(d) = 9 - 15*d + d**2 + 34*d - 30 - 11. What are the prime factors of p(-25)?
2, 59
List the prime factors of -4 - 1220/(-12) - 6/9.
97
Let a be (1206/2)/3 - 2. Let f = 285 - a. What are the prime factors of f?
2, 43
Suppose -4*u + 724 = l, 0 = 4*l - 5*l + u + 699. Suppose -5*s = 3*s - l. List the prime factors of s.
2, 11
Let p = 1990 + -486. List the prime factors of p.
2, 47
Suppose -104 = -x - x. Let r(l) = l**3 - 3*l**2 + 8*l - 3. Let f be r(2). Let j = x - f. What are the prime factors of j?
43
Suppose 0 = -5*b + n - 15, 0 = b - 2*b + n - 7. Let o be ((-40)/(-100))/((-1)/(-5)). List the prime factors of 6/o - (b + 1).
2
Suppose -5*j + 15 = -5*o, o + 1 = -j + 8. Let z be (o + 3/(-2))*-50. Let c = z - -57. What are the prime factors of c?
2
Suppose -v + 5*n = -2215, -4*v + 4*n - 4116 = -13024. List the prime factors of v.
2, 5, 223
Let o = 2466 - 1258. What are the prime factors of o?
2, 151
Let m(z) be the first derivative of 3/2*z**2 + 4 + z + 4*z**3. List the prime factors of m(-2).
43
Let d be (-24040)/(-88) - (1 - 9/11). Let p = d - 175. List the prime factors of p.
2, 7
Let q(x) be the second derivative of -x**5/20 + x**4/3 + x**3/2 - 7*x**2/2 - 7*x. Let v be q(4). Suppose -v*t + 171 = 21. What are the prime factors of t?
2, 3, 5
Let o(h) = 86*h + 51. What are the prime factors of o(6)?
3, 7
Let a be 2704/28 - (-8)/(-14). Let h = 63 - a. What are the prime factors of 0 + -4 - h/3?
7
Suppose -87*b = -76*b - 26829. What are the prime factors of b?
3, 271
Suppose 11*p + 4*p - 7680 = 0. What are the prime factors of p?
2
Let j(y) = -5*y**3 + 3*y**2 + 6*y + 3. List the prime factors of j(-5).
673
Suppose -111087 = -85*f + 126233. List the prime factors of f.
2, 349
Suppose -14124 = -16*z + 12*z + 4*j, -7067 = -2*z + j. What are the prime factors of z?
2, 13, 17
List the prime factors of (-5096)/(-112)*(21 + -1).
2, 5, 7, 13
Let a be (3/5 - 1) + (-60)/(-25). Suppose n - 5*u = -2, -30 = n - a*n - 3*u. List the prime factors of n.
2, 3
Let r(v) = -v**3 - 6*v**2 + 9*v + 17. Let u be r(-7). Suppose u*i = -3*i + 432. What are the prime factors of i?
2, 3
Let b be -1 + (1 + 3)*1. Suppose -3 = -2*s + b. Suppose -c = s*q - 17, -24 - 28 = -5*c - 4*q. What are the prime factors of c?
2
Suppose -3 = -2*b + 5. Suppose 4*t - 5*w + 2*w + 4 = 0, -4*t - b*w = -24. What are the prime factors of (t + -29)*10/(-6)?
3, 5
Suppose -14*b + 11*b = -498. Let d = b - 41. List the prime factors of d.
5
List the prime factors of 273 + 5 + (-1)/(-4 + 3).
3, 31
Suppose -3*a = 2*j - 2335 - 10246, -20960 = -5*a - 5*j. What are the prime factors of a?
3, 1399
Let v(w) = -7*w**2 + 10*w + 20. Let r be v(-5). Let m = 310 + r. What are the prime factors of m?
3, 5, 7
Suppose -4*o - 957 = -5*u, 3*u + 5*o - 7*o = 575. What are the prime factors of u?
193
Let y = 32 - 17. Suppose -2 = 3*k + 31. Let v = y - k. What are the prime factors of v?
2, 13
Let n = 235 - 175. List the prime factors of n.
2, 3, 5
Let l(w) = w**3 + 9*w**2 - 2*w + 408. What are the prime factors of l(0)?
2, 3, 17
Let f = 39 - 46. Let d = f + 60. What are the prime factors of d?
53
Let w(z) = 5*z - 2. Let y be w(1). Let o be 2/(0 - (y - 5)). List the prime factors of 39/o + (-1 - 0).
2, 19
Let k(f) = f**3 - 18*f**2 - 38*f + 2. List the prime factors of k(22).
2, 19, 29
Suppose 3*q - 6*r + 30 = -3*r, -10 = q + 5*r. List the prime factors of 2788/85 - 2/q.
3, 11
List the prime factors of ((-121848)/48)/(2/(-4)).
5077
Let r(b) = b**2 - 3*b - 2. Let j(n) = n - 5. Let d be j(5). Suppose 24 = -3*t - 4*m - m, -3*t + 4*m + 3 = d. List the prime factors of r(t).
2
Let b(f) = -f**2 + 25*f + 50. Let w be b(22). Suppose 2*g = -5*i + 512, 4*g - g + w = i. List the prime factors of i.
2, 13
Suppose 10*d - 42*d = -256. List the prime factors of d.
2
Suppose 5*k + a = k + 2687, 0 = -4*k - 5*a + 2683. Suppose 4*u + 4*f + 0*f = k, -5*u + 4*f = -885. What are the prime factors of u?
173
Suppose -m + 3*k + 662 = 0, 1950 = 3*m - 2*k + 5*k. What are the prime factors of m?
653
Suppose 2*m - 479 = -f, -3*f - 5*m + 985 = -452. What are the prime factors of f?
479
Suppose m + 5*l = -13 - 4, 0 = 2*m + 5*l + 9. What are the prime factors of 4/(m/25)*18?
3, 5
Let c(x) = 11*x**3 + 4*x - 10. Let j be c(4). Suppose 0 = -5*h + 143 + 1007. Suppose -6*u + j = h. What are the prime factors of u?
2, 5
Let q = 2 - 2. Suppose q = h + 4*h + 60. What are the prime factors of 3*h*1/(-2)?
2, 3
Let t = 8618 + -5540. List the prime factors of t/12 + (-5)/(-10).
257
Let h(j) be the third derivative of 0*j + 17/6*j**3 + 5/24*j**4 + 0 + 3*j**2. List the prime factors of h(5).
2, 3, 7
Let f(v) = v**2 - 16*v + 4. Let l be f(16). Suppose -19 = -s - 3*i, 35 - 4 = 3*s - l*i. List the prime factors of s.
13
Let l(t) be the third derivative of -t**6/120 + 3*t**5/20 + 5*t**4/12 + t**3/3 - 6*t**2. What are the prime factors of l(10)?
2
Let w = -203 - -703. What are the prime factors of w?
2, 5
Suppose 0 = -5*g + 2*c + 5, -2 = 5*g - 3*c - 7. Suppose 2*y = -10 - 18. List the prime factors of 5 - 2 - (g + y).
2
Let b(m) = m**2 - 4*m + 13. Let f(z) = -z**2 + 3*z - 12. Let o(x) = -6*b(x) - 7*f(x). Let y(v) = v - 11. Let a be y(15). What are the prime factors of o(a)?
2, 17
Let g(a) = 7*a**2 + 11*a - 23. Let q(i) = -5*i - 15. Let y be q(-4). List the prime factors of g(y).
3, 23
Let y be (7/(-21))/((-2)/(-42)). Let h = y - -1. List the prime factors of (70/15)/((-2)/h).
2, 7
Suppose -130*o = -134*o - 4*d + 4520, 2*o - 2270 = -4*d. What are the prime factors of o?
3, 5
Let o be (-1161)/(-6)*(-20)/15. Let s = 104 + o. What are the prime factors of s/(-10) + 2/(-5)?
3, 5
Let h be -4 - (1 + -1 + -9). Let z(m) = 3*m + 15. List the prime factors of z(h).
2, 3, 5
Suppose k - 85 = -4*k. Let a = 22 - k. Let n(g) = g**3 - 4*g**2 - 5*g + 4. What are the prime factors of n(a)?
2
Let r(q) = 3*q**2 - 5*q - 20. List the prime factors of r(-6).
2, 59
Suppose -3*s - 1 + 13 = 0. Suppose -d = s*d - 115. Suppose 3*b - d = 13. List the prime factors of b.
2, 3
Let x be (3 - -1 - 4) + -69. Let p = x + 114. What are the prime factors of p?
3, 5
Suppose -7*s + c = -2*s - 35, 4*s + 4*c = 4. Suppose 3*y - 140 = 4*z, -4*y + s*z = z - 186. What are the prime factors of y?
2, 11
Let t = -160 + 71. Let k = -105 - -243. Let x = t + k. List the prime factors of x.
7
Suppose -4*a + 1778 = 138. Suppose -69*k + 74*k - a = 0. What are the prime factors of k?
2, 41
Suppose 3*z - 20 = 5*k, k - 9 = -0*z - 2*z. Let w be (2121/(-404))/(6/(-56)). Suppose -z*p + w = -4*p. List the prime factors of p.
7
Suppose -2*w - w = 0. Suppose -2*o - 6 + 4 = w, 0 = -g + o - 38. Let z = g + 61. What are the prime factors of z?
2, 11
Suppose 0 = -6*a - 1653 - 579. List the prime factors of (3/(-5 - -14))/((-2)/a).
2, 31
Let m(n) = 10*n**2 + 20*n + 107. What are the prime factors of m(-5)?
257
Let d = 101 - 71. Suppose p = -4*m - m + d, 5*p - 18 = -3*m. What are the prime factors of 510/9 + (-4)/m?
2, 7
What are the prime factors of (-1)/(-1*(-1)/(-2957))?
2957
Suppose -q = 4*l - 63, -2*q + q + 2*l = -33. Let f = 64 - 36. Let u = q - f. List the prime factors of u.
3, 5
Let o be 146/4*-2 + -1. Let y = -46 - o. Suppose c + 7 = y. What are the prime factors of c?
3, 7
Let t = -747 + 1133. What are the prime factors of t?
2, 193
Let s = 19 + 146. Let o = s + -86. List the prime factors of o.
79
Suppose 10 = 6*q - 2. Suppose -2*l = q*c - 32, l - 10 = -l. List the prime factors of c.
11
Let z = 959 - 80. List the prime factors of z.
3, 293
Let l(a) = a**3 + 4*a**2 + 10*a - 3. List the prime factors of l(6).
3, 139
Suppose 2*f - 30567 = -21*f. What are the prime factors of f?
3, 443
Suppose -37 - 155 = -3*u. List the prime factors of u.
2
Let p = -368 + 569. Suppose -p = -3*u + 3*c, -2*u + 0*c = -5*c - 143. List the prime factors of u.
2
Let f be (-126)/(-4) - 3/(-2). Suppose -f = -2*l + 39. Suppose -3*t = 5*y - 152, -5*t - l = -y - y. What are the prime factors of y?
2, 7
Let v(q) = 2*q - 6*q + 3 - q**2 + 0*q + 3*q**2. Let h(w) = w**3 - 4*w**2 + 9*w - 7. Let m(n) = -3*h(n) - 7*v(n). List the prime factors of m(-2).
2, 7
Suppose 4*j + 4 = 0, -3*j = -3*t - 0*j + 5244. List t